e l(-4).
7
Let q(g) = -g**3 + g. Let o be (-103)/(-7) - 14/(-49). Suppose -w - 7 = -h, 3*w + o = -0*w + h. Let l = w + 4. Calculate q(l).
0
Let s = 857 + -867. Let t(h) = -h**2 - 12*h - 14. Calculate t(s).
6
Let j(u) be the third derivative of 5*u**2 + 0 - 1/120*u**6 + 0*u + 1/6*u**3 + 0*u**4 - 1/30*u**5. Let r(o) = -o**2 + 6*o - 2. Let b be r(6). Give j(b).
1
Let w(t) = t**2 - 2*t - 1. Let r(i) = 3*i**2 + 5*i - 21. Let a(n) = -r(n) + 2*w(n). Give a(-11).
-3
Suppose 3 = -12*m + 63. Let l(i) = i - 4. What is l(m)?
1
Suppose 2 = 2*b - 2. Let s(z) = 1 - b*z + 2 - 9. Let l = 17 + -22. What is s(l)?
4
Let r = 1 + -2. Let f(p) be the third derivative of -3*p**6/40 - p**5/60 + p**3/6 - 671*p**2. Calculate f(r).
9
Let q(r) = -r**3 + 4*r**2 + 2*r + 11. Let b(m) = m**3 - 7*m**2 - 18*m + 5. Let y be b(9). Give q(y).
-4
Let g be (-4)/(-10) + 1794/65. Let h(k) = -g + k + 16 + 3*k**2 + k**3 + 13. Calculate h(-2).
3
Let m(b) = 7*b**3 - 16*b**2 - 67*b + 18. Let k(f) = f**3 - f**2 - 9*f. Let c(t) = 6*k(t) - m(t). What is c(11)?
4
Let b = 9 + -12. Let z = b + 3. Suppose z = 4*t + t. Let x(r) = -r**2 - r + 3. Determine x(t).
3
Suppose 40*o = 227 + 13. Let w(x) = 2*x - 5. What is w(o)?
7
Let c(p) = p**2 - 7*p - 7. Let k be (-6 - -5)*(1 - 39). Suppose 5*f - k = 4*y, 3*f - 34 = -f + 5*y. Give c(f).
-13
Let n(f) = -f - 3 - 2*f - 2*f. Let j = 10 - 8. Suppose -4 = z - j. What is n(z)?
7
Suppose v - 2 = -v, 4*v - 4 = 3*x. Suppose x = 2*l + 6, 72 = 5*o + 2*l - 87. Let p(t) = 16 + 2*t - o + 15. Determine p(-4).
-10
Let v(j) = 5*j**3 + j**2 - 3*j - 7. Let i(w) = 9*w**3 + 2*w**2 - 6*w - 13. Let o(u) = -4*i(u) + 7*v(u). Let p be 0 - (0 + (3 - 1)). Determine o(p).
1
Let i(g) = -g**2 + 10*g - 5. Suppose -6*z + 5*z = 3*n - 30, 2*n - z = 15. Give i(n).
4
Let k be (3 - (5 - 1))/(-1). Suppose 3*u + 10 = -5*f - 7, 0 = -u + 5*f + k. Let n(b) = -b**3 - 5*b**2 - b + 1. Give n(u).
-11
Let v(m) be the second derivative of -17*m + 0 - 1/2*m**2 - 1/6*m**3. Determine v(1).
-2
Let n(m) = -7*m**3 + 15*m**2 - 15*m + 33. Let b(w) = -3*w**3 + 8*w**2 - 6*w + 17. Let j(g) = -5*b(g) + 2*n(g). Calculate j(10).
-19
Let r(m) = -m**2 + 11*m - 65. Let k(v) = -2*v + 13. Let h(b) = 5*k(b) + r(b). Suppose -3*l - 3 + 6 = 0. Calculate h(l).
0
Let m(f) = -f**3 + 6*f**2 - 2*f + 5. Suppose t = -2, 2*t + 9248 = 5*i - 2*t. Let b be ((-12)/(-14))/((-12)/i). Let a be b/(-28) + (-6)/(-21). What is m(a)?
20
Suppose 2*l = -2*l. Suppose l*p + 9 = p. Let u be (p + -18)*(-2)/(-3). Let k(w) = -w**2 - 7*w - 3. Determine k(u).
3
Suppose 2*r = 6*r - 8. Let a(w) = 2*w**r + 15*w**3 - 12*w**3 - w**2 - 3 - 3*w. What is a(-2)?
-17
Let w(j) = -j**2 + 4*j + 56. Let q be w(-5). Let z(d) = 6 - q - 6*d + 11 + d**2. Calculate z(4).
-2
Let u(r) = r**3 + r - 5. Let n(y) = -3*y + 24. Let j(l) = -1. Let i(c) = -66*j(c) - 2*n(c). Let z be i(-3). Give u(z).
-5
Let h be (-4 + (4 - 4))*1/(-1). Let s(x) = x + h - 3 - x**2 + 6*x - 3*x. What is s(4)?
1
Let x(y) = -3*y**3 + 9*y**2 + 24*y - 8. Let b be x(-2). Let r(q) be the second derivative of -q**3/3 + q**2 - 2*q. Calculate r(b).
-6
Let z(s) = 7 - 4476*s**2 + 2241*s**2 - s**3 + 3*s + 2240*s**2. What is z(5)?
22
Suppose 0*t + 25 = 5*t. Let i(w) be the first derivative of -w**3/3 + w**2 + 4*w - 300. What is i(t)?
-11
Let x(c) = 7*c. Let m(s) = -6*s + 4*s + s + 2*s. Let p(q) = 3*m(q) + x(q). Determine p(-1).
-10
Suppose -3*n + 6 = -4*i, 3*i = -4*n + n - 15. Let w be 3/(-18) + (-66)/36. Let q be (i - 7/w)*-2. Let z(j) = 9*j**2 + j. Determine z(q).
8
Let l(f) = -f**2 - f - 5. Suppose -3*c - 5*x = -8*c - 270, -4*c - 5*x = 216. Let o = -24 - c. Let u = 30 - o. Determine l(u).
-5
Let s = 2707/3 + -902. Let q(f) be the first derivative of -2*f - s*f**3 + 3*f**2 + 1. Give q(5).
3
Let n(y) = -3*y. Suppose -s + 15 = 14. Let b be n(s). Let x(a) = a**2 + 3*a**2 + 3*a**3 - 5*a**3 + 3*a**3 + 4*a + 3. Give x(b).
0
Let n(b) be the second derivative of -1/2*b**4 + 3*b + 1/2*b**3 + 7/2*b**2 + 1/20*b**5 + 0. Let l(f) = f**3 - 9*f**2 + 10*f - 11. Let p be l(8). Determine n(p).
-3
Let i(b) = b + 3. Suppose -5*g + 2*g - 33 = 0. Let m be (g/(-33))/(2/24). Suppose -3*z + 25 = -m*z - 5*w, 5*w + 40 = -4*z. Give i(z).
-2
Let n(m) be the third derivative of -m**4/12 + m**3/2 - 280*m**2. Calculate n(5).
-7
Let y(z) = z**2 - 11*z + 11. Let j(n) = n**3 - 3*n**2 + n + 10. Let l be j(0). What is y(l)?
1
Let o(w) be the second derivative of 1/2*w**2 + 1/3*w**3 + 0 - 5*w. Let d = -5 - -8. What is o(d)?
7
Let x(j) = j**2 - 4*j - 4. Let o be 12/(-2) - (27 - -6)/(-3). Calculate x(o).
1
Let u = 9 - 1. Let q(t) = 3*t**2 - 11*t + 14. Let z be ((-2)/(-1))/(42/(-63)). Let v(o) = -4*o**2 + 12*o - 15. Let w(f) = z*q(f) - 2*v(f). Determine w(u).
-4
Let r(z) be the second derivative of z**7/840 - 11*z**6/360 - z**5/120 + z**4/4 + 3*z**3 + 14*z. Let w(o) be the second derivative of r(o). Calculate w(11).
-5
Let l(h) = 6*h**2 + 2*h - 4. Let q(d) = 7*d**2 + d - 5. Let p(r) = 6*l(r) - 5*q(r). Suppose -3571*b + 3564*b = 35. Give p(b).
-9
Let q(v) = 3*v**2 - 2 + 1 + 0*v**2 - 5*v**3. Let l(z) = 22*z**2 - 47*z**2 + 24*z**2. Let b(y) = -l(y) - q(y). Determine b(1).
4
Let i be 3/(-1)*33/((-1386)/28). Let l(k) = -5*k - 3. Calculate l(i).
-13
Let g(l) = 3*l**3. Suppose -4*h = -14*h - 10. Calculate g(h).
-3
Let a(g) = -g**3 - 6*g**2 + 4*g + 7. Let f = -55 + 58. Suppose -5*x - 1 - 17 = 3*s, -f*s + 3*x = 18. Give a(s).
-17
Suppose 0 = -k - 3*k + 24. Let u(w) = 5*w + k*w + 0*w. Let t(l) = -l + 3. Let n be t(2). Give u(n).
11
Let a(d) = 4*d - 63. Let h be a(20). Let y = 14 - h. Let u(j) = -j - 2. Calculate u(y).
1
Let z(c) = -c**2 - 10*c - 3*c**2 + 3*c**2. Let w = -31 - -26. What is z(w)?
25
Let a = 0 + 4. Let y = 87 - 46. Let c(f) = 43*f + a - 81*f + y*f - f**2. Determine c(4).
0
Let w(s) = 5*s**2 - 13*s - 23. Let k = -25 - -20. Let f(o) = -3*o**2 + 9*o + 15. Let r(a) = k*w(a) - 8*f(a). Suppose -12 = z - 7. Calculate r(z).
5
Let n = -109 - -114. Suppose 0 = -5*d + 3*u + 19, -n*u = -0*u - 10. Let x(w) = -4*w - 1. Let t(r) = -r - 1. Let k(p) = 5*t(p) - x(p). Determine k(d).
-9
Let x(o) = 2 + 116*o + 2*o**2 + 6*o**2 - 121*o + o**2. Let a(r) = 5*r**2 - 2*r + 1. Let v(l) = -7*a(l) + 4*x(l). Calculate v(6).
1
Let t(k) be the second derivative of -5/12*k**4 + 1/2*k**3 + 0 + 1/20*k**5 - 42*k + 2*k**2. Calculate t(4).
0
Suppose -2 = 2*s, 0 = w - 3*w - 5*s + 41. Suppose 27*u = w*u + 28. Let p(i) = i**3 - 8*i**2 + 7*i - 5. Give p(u).
-5
Let g(r) = -6 + 13 - 1 - 8 + 5*r. What is g(-6)?
-32
Let v(a) = -2*a**3 - 3*a**2 + 2*a - 2. Suppose 0 = 95*w - 99*w - 12. What is v(w)?
19
Let a(y) be the first derivative of -y**5/20 - y**4/2 + 3*y**2 - 17*y + 25. Let w(o) be the first derivative of a(o). Calculate w(-6).
6
Suppose n + n + 10 = 0. Let f(y) be the third derivative of 0 + 0*y + 1/4*y**4 - 1/15*y**5 + 2/3*y**3 - 1/120*y**6 + 6*y**2. Determine f(n).
-1
Let z be -5 + (-6)/(-3) - 0. Let g be z/2*(-2 - 0). Let v(h) = 2*h - g - 4*h + 3*h. Determine v(0).
-3
Let a be (0/(-3) - 0) + -4. Let f(v) = -v + 11. Let y = 79 + -68. Let b(p) = -2*p + 21. Let d(c) = y*f(c) - 6*b(c). Calculate d(a).
-9
Let k(j) = 28*j - 4. Let g(t) = -421*t + 63. Let l(f) = 2*g(f) + 30*k(f). Let i(d) = d**2 + 2*d. Let x be i(-2). Give l(x).
6
Let b(j) = j**2 + 4*j - 3. Let m = 2422 + -2426. Determine b(m).
-3
Let u(f) = -2*f - 1. Let a = 5 - 4. Suppose 0 = 22*m - 21*m + a. Calculate u(m).
1
Let t(v) = 23 + 8*v + v**2 - 2*v**2 - 11. Calculate t(9).
3
Let j = 240 - 248. Let r(b) = -b**3 - 8*b**2 + b + 2. Calculate r(j).
-6
Suppose 8 = 5*l - 2. Let t(g) = l*g - 8 + g**2 + 2*g + 6. Give t(-4).
-2
Let u(d) be the third derivative of d**8/840 - d**7/2520 + d**6/720 - d**5/120 + 11*d**4/24 + 2*d**2. Let z(t) be the second derivative of u(t). Determine z(1).
7
Let a(m) = -2*m - 6*m**2 + 9*m + m**3 + 0*m**2. Let v(j) = -3*j + 26. Let n be v(7). Determine a(n).
10
Let w(h) = 3*h**2 - 3*h + 2. Let d(u) = -u**2 + 7*u + 62. Let q be d(-5). Determine w(q).
8
Let x(n) be the first derivative of 9*n**4/4 + 2*n**3/3 - n + 1. Suppose -4*v = 3*y + 164, -5*v + 6*y = 2*y + 174. Let d = 37 + v. Determine x(d).
-8
Let j(z) = -4*z**2 - 30*z - 10. Let y be j(-7). Let t be ((-25)/(-3) - 7)*18/y. Let s(g) = -g**3 + 7*g**2 - 5*g - 4. Give s(t).
2
Let h(c) be the third derivative of 0*c + 5/24*c**4 + 7/6*c**3 + 0 + 9*c**2. Let o